{"id":5044,"date":"2022-12-05T16:30:32","date_gmt":"2022-12-05T16:30:32","guid":{"rendered":"https:\/\/maismagazine.pt\/?page_id=5044"},"modified":"2023-07-26T16:26:27","modified_gmt":"2023-07-26T15:26:27","slug":"ficha_tecnica","status":"publish","type":"page","link":"http:\/\/maismagazine.pt\/index.php\/ficha_tecnica\/","title":{"rendered":"Ficha T\u00e9cnica"},"content":{"rendered":"\n<p><strong>Propriedade<\/strong>:&nbsp;Litogr\u00e1fis \u2013 Artes Gr\u00e1ficas, Lda.<\/p>\n\n\n\n<p><strong>NIF<\/strong>:&nbsp;502 044 403<\/p>\n\n\n\n<p><strong>Reda\u00e7\u00e3o e Publicidade<\/strong>:\u00a0Rua Ant\u00f3nio da Costa Viseu, 120 4435-104 Rio Tinto<\/p>\n\n\n\n<p><strong>Email<\/strong>:\u00a0geral@maismagazine.pt<\/p>\n\n\n\n<p><strong>Periodicidade<\/strong>:\u00a0Mensal<\/p>\n\n\n\n<p><strong>Impress\u00e3o<\/strong>:\u00a0 Litogr\u00e1fis \u2013 Artes Gr\u00e1ficas, Lda. <\/p>\n\n\n\n<p><strong>Dep\u00f3sito Legal<\/strong>:\u00a0490783\/21<\/p>\n\n\n\n<p><strong>Assessora da Administra\u00e7\u00e3o<\/strong>:\u00a0Carla Rodrigues<\/p>\n\n\n\n<p><strong>Gestores de Comunica\u00e7\u00e3o<\/strong>:\u00a0Hugo Miguel Mid\u00e3o, Manuel de Melo<\/p>\n\n\n\n<p><strong>Reda\u00e7\u00e3o<\/strong>:\u00a0Tiago Costa, Tatiana Martins<\/p>\n\n\n\n<p><strong>Diretor Editorial:<\/strong>\u00a0Jo\u00e3o Malainho<\/p>\n","protected":false},"excerpt":{"rendered":"<p>Propriedade:&nbsp;Litogr\u00e1fis \u2013 Artes Gr\u00e1ficas, Lda. NIF:&nbsp;502 044 403 Reda\u00e7\u00e3o e Publicidade:\u00a0Rua Ant\u00f3nio da Costa Viseu, 120 4435-104 Rio Tinto Email:\u00a0geral@maismagazine.pt Periodicidade:\u00a0Mensal Impress\u00e3o:\u00a0 Litogr\u00e1fis \u2013 Artes Gr\u00e1ficas, Lda. Dep\u00f3sito Legal:\u00a0490783\/21 Assessora da Administra\u00e7\u00e3o:\u00a0Carla Rodrigues Gestores de Comunica\u00e7\u00e3o:\u00a0Hugo Miguel Mid\u00e3o, Manuel de Melo Reda\u00e7\u00e3o:\u00a0Tiago Costa, Tatiana Martins Diretor Editorial:\u00a0Jo\u00e3o Malainho<\/p>\n","protected":false},"author":7,"featured_media":0,"parent":0,"menu_order":0,"comment_status":"closed","ping_status":"closed","template":"","meta":{"advgb_blocks_editor_width":"","advgb_blocks_columns_visual_guide":"","_monsterinsights_skip_tracking":false,"_monsterinsights_sitenote_active":false,"_monsterinsights_sitenote_note":"","_monsterinsights_sitenote_category":0,"footnotes":""},"class_list":["post-5044","page","type-page","status-publish","hentry"],"yoast_head":"<!-- This site is optimized with the Yoast SEO plugin v24.4 - https:\/\/yoast.com\/wordpress\/plugins\/seo\/ -->\n<title>Ficha T\u00e9cnica - Mais Magazine<\/title>\n<meta name=\"robots\" content=\"index, follow, max-snippet:-1, max-image-preview:large, max-video-preview:-1\" \/>\n<link rel=\"canonical\" href=\"https:\/\/maismagazine.pt\/index.php\/ficha_tecnica\/\" \/>\n<meta property=\"og:locale\" content=\"pt_PT\" \/>\n<meta property=\"og:type\" content=\"article\" \/>\n<meta property=\"og:title\" content=\"Ficha T\u00e9cnica - Mais Magazine\" \/>\n<meta property=\"og:description\" content=\"Propriedade:&nbsp;Litogr\u00e1fis \u2013 Artes Gr\u00e1ficas, Lda. NIF:&nbsp;502 044 403 Reda\u00e7\u00e3o e Publicidade:\u00a0Rua Ant\u00f3nio da Costa Viseu, 120 4435-104 Rio Tinto Email:\u00a0geral@maismagazine.pt Periodicidade:\u00a0Mensal Impress\u00e3o:\u00a0 Litogr\u00e1fis \u2013 Artes Gr\u00e1ficas, Lda. Dep\u00f3sito Legal:\u00a0490783\/21 Assessora da Administra\u00e7\u00e3o:\u00a0Carla Rodrigues Gestores de Comunica\u00e7\u00e3o:\u00a0Hugo Miguel Mid\u00e3o, Manuel de Melo Reda\u00e7\u00e3o:\u00a0Tiago Costa, Tatiana Martins Diretor Editorial:\u00a0Jo\u00e3o Malainho\" \/>\n<meta property=\"og:url\" content=\"https:\/\/maismagazine.pt\/index.php\/ficha_tecnica\/\" \/>\n<meta property=\"og:site_name\" content=\"Mais Magazine\" \/>\n<meta property=\"article:modified_time\" content=\"2023-07-26T15:26:27+00:00\" \/>\n<meta name=\"twitter:card\" content=\"summary_large_image\" \/>\n<meta name=\"twitter:label1\" content=\"Tempo estimado de leitura\" \/>\n\t<meta name=\"twitter:data1\" content=\"1 minuto\" \/>\n<script type=\"application\/ld+json\" class=\"yoast-schema-graph\">{\"@context\":\"https:\/\/schema.org\",\"@graph\":[{\"@type\":\"WebPage\",\"@id\":\"https:\/\/maismagazine.pt\/index.php\/ficha_tecnica\/\",\"url\":\"https:\/\/maismagazine.pt\/index.php\/ficha_tecnica\/\",\"name\":\"Ficha T\u00e9cnica - Mais Magazine\",\"isPartOf\":{\"@id\":\"https:\/\/maismagazine.pt\/#website\"},\"datePublished\":\"2022-12-05T16:30:32+00:00\",\"dateModified\":\"2023-07-26T15:26:27+00:00\",\"breadcrumb\":{\"@id\":\"https:\/\/maismagazine.pt\/index.php\/ficha_tecnica\/#breadcrumb\"},\"inLanguage\":\"pt-PT\",\"potentialAction\":[{\"@type\":\"ReadAction\",\"target\":[\"https:\/\/maismagazine.pt\/index.php\/ficha_tecnica\/\"]}]},{\"@type\":\"BreadcrumbList\",\"@id\":\"https:\/\/maismagazine.pt\/index.php\/ficha_tecnica\/#breadcrumb\",\"itemListElement\":[{\"@type\":\"ListItem\",\"position\":1,\"name\":\"Home\",\"item\":\"https:\/\/maismagazine.pt\/\"},{\"@type\":\"ListItem\",\"position\":2,\"name\":\"Ficha T\u00e9cnica\"}]},{\"@type\":\"WebSite\",\"@id\":\"https:\/\/maismagazine.pt\/#website\",\"url\":\"https:\/\/maismagazine.pt\/\",\"name\":\"Mais Magazine\",\"description\":\"\",\"publisher\":{\"@id\":\"https:\/\/maismagazine.pt\/#organization\"},\"potentialAction\":[{\"@type\":\"SearchAction\",\"target\":{\"@type\":\"EntryPoint\",\"urlTemplate\":\"https:\/\/maismagazine.pt\/?s={search_term_string}\"},\"query-input\":{\"@type\":\"PropertyValueSpecification\",\"valueRequired\":true,\"valueName\":\"search_term_string\"}}],\"inLanguage\":\"pt-PT\"},{\"@type\":\"Organization\",\"@id\":\"https:\/\/maismagazine.pt\/#organization\",\"name\":\"Mais Magazine\",\"url\":\"https:\/\/maismagazine.pt\/\",\"logo\":{\"@type\":\"ImageObject\",\"inLanguage\":\"pt-PT\",\"@id\":\"https:\/\/maismagazine.pt\/#\/schema\/logo\/image\/\",\"url\":\"http:\/\/maismagazine.pt\/wp-content\/uploads\/2020\/04\/cropped-cropped-mais-magazine-site-logo-2.png\",\"contentUrl\":\"http:\/\/maismagazine.pt\/wp-content\/uploads\/2020\/04\/cropped-cropped-mais-magazine-site-logo-2.png\",\"width\":581,\"height\":90,\"caption\":\"Mais Magazine\"},\"image\":{\"@id\":\"https:\/\/maismagazine.pt\/#\/schema\/logo\/image\/\"}}]}<\/script>\n<!-- \/ Yoast SEO plugin. -->","yoast_head_json":{"title":"Ficha T\u00e9cnica - Mais Magazine","robots":{"index":"index","follow":"follow","max-snippet":"max-snippet:-1","max-image-preview":"max-image-preview:large","max-video-preview":"max-video-preview:-1"},"canonical":"https:\/\/maismagazine.pt\/index.php\/ficha_tecnica\/","og_locale":"pt_PT","og_type":"article","og_title":"Ficha T\u00e9cnica - Mais Magazine","og_description":"Propriedade:&nbsp;Litogr\u00e1fis \u2013 Artes Gr\u00e1ficas, Lda. NIF:&nbsp;502 044 403 Reda\u00e7\u00e3o e Publicidade:\u00a0Rua Ant\u00f3nio da Costa Viseu, 120 4435-104 Rio Tinto Email:\u00a0geral@maismagazine.pt Periodicidade:\u00a0Mensal Impress\u00e3o:\u00a0 Litogr\u00e1fis \u2013 Artes Gr\u00e1ficas, Lda. Dep\u00f3sito Legal:\u00a0490783\/21 Assessora da Administra\u00e7\u00e3o:\u00a0Carla Rodrigues Gestores de Comunica\u00e7\u00e3o:\u00a0Hugo Miguel Mid\u00e3o, Manuel de Melo Reda\u00e7\u00e3o:\u00a0Tiago Costa, Tatiana Martins Diretor Editorial:\u00a0Jo\u00e3o Malainho","og_url":"https:\/\/maismagazine.pt\/index.php\/ficha_tecnica\/","og_site_name":"Mais Magazine","article_modified_time":"2023-07-26T15:26:27+00:00","twitter_card":"summary_large_image","twitter_misc":{"Tempo estimado de leitura":"1 minuto"},"schema":{"@context":"https:\/\/schema.org","@graph":[{"@type":"WebPage","@id":"https:\/\/maismagazine.pt\/index.php\/ficha_tecnica\/","url":"https:\/\/maismagazine.pt\/index.php\/ficha_tecnica\/","name":"Ficha T\u00e9cnica - Mais Magazine","isPartOf":{"@id":"https:\/\/maismagazine.pt\/#website"},"datePublished":"2022-12-05T16:30:32+00:00","dateModified":"2023-07-26T15:26:27+00:00","breadcrumb":{"@id":"https:\/\/maismagazine.pt\/index.php\/ficha_tecnica\/#breadcrumb"},"inLanguage":"pt-PT","potentialAction":[{"@type":"ReadAction","target":["https:\/\/maismagazine.pt\/index.php\/ficha_tecnica\/"]}]},{"@type":"BreadcrumbList","@id":"https:\/\/maismagazine.pt\/index.php\/ficha_tecnica\/#breadcrumb","itemListElement":[{"@type":"ListItem","position":1,"name":"Home","item":"https:\/\/maismagazine.pt\/"},{"@type":"ListItem","position":2,"name":"Ficha T\u00e9cnica"}]},{"@type":"WebSite","@id":"https:\/\/maismagazine.pt\/#website","url":"https:\/\/maismagazine.pt\/","name":"Mais Magazine","description":"","publisher":{"@id":"https:\/\/maismagazine.pt\/#organization"},"potentialAction":[{"@type":"SearchAction","target":{"@type":"EntryPoint","urlTemplate":"https:\/\/maismagazine.pt\/?s={search_term_string}"},"query-input":{"@type":"PropertyValueSpecification","valueRequired":true,"valueName":"search_term_string"}}],"inLanguage":"pt-PT"},{"@type":"Organization","@id":"https:\/\/maismagazine.pt\/#organization","name":"Mais Magazine","url":"https:\/\/maismagazine.pt\/","logo":{"@type":"ImageObject","inLanguage":"pt-PT","@id":"https:\/\/maismagazine.pt\/#\/schema\/logo\/image\/","url":"http:\/\/maismagazine.pt\/wp-content\/uploads\/2020\/04\/cropped-cropped-mais-magazine-site-logo-2.png","contentUrl":"http:\/\/maismagazine.pt\/wp-content\/uploads\/2020\/04\/cropped-cropped-mais-magazine-site-logo-2.png","width":581,"height":90,"caption":"Mais Magazine"},"image":{"@id":"https:\/\/maismagazine.pt\/#\/schema\/logo\/image\/"}}]}},"coauthors":[],"author_meta":{"author_link":"http:\/\/maismagazine.pt\/index.php\/author\/maismagazine\/","display_name":false},"relative_dates":{"created":"Posted 3 anos ago","modified":"Updated 3 anos ago"},"absolute_dates":{"created":"Posted on 5 de Dezembro, 2022","modified":"Updated on 26 de Julho, 2023"},"absolute_dates_time":{"created":"Posted on 5 de Dezembro, 2022 16:30","modified":"Updated on 26 de Julho, 2023 16:26"},"featured_img_caption":"","featured_img":false,"series_order":"","_links":{"self":[{"href":"http:\/\/maismagazine.pt\/index.php\/wp-json\/wp\/v2\/pages\/5044","targetHints":{"allow":["GET"]}}],"collection":[{"href":"http:\/\/maismagazine.pt\/index.php\/wp-json\/wp\/v2\/pages"}],"about":[{"href":"http:\/\/maismagazine.pt\/index.php\/wp-json\/wp\/v2\/types\/page"}],"author":[{"embeddable":true,"href":"http:\/\/maismagazine.pt\/index.php\/wp-json\/wp\/v2\/users\/7"}],"replies":[{"embeddable":true,"href":"http:\/\/maismagazine.pt\/index.php\/wp-json\/wp\/v2\/comments?post=5044"}],"version-history":[{"count":3,"href":"http:\/\/maismagazine.pt\/index.php\/wp-json\/wp\/v2\/pages\/5044\/revisions"}],"predecessor-version":[{"id":7581,"href":"http:\/\/maismagazine.pt\/index.php\/wp-json\/wp\/v2\/pages\/5044\/revisions\/7581"}],"wp:attachment":[{"href":"http:\/\/maismagazine.pt\/index.php\/wp-json\/wp\/v2\/media?parent=5044"}],"curies":[{"name":"wp","href":"https:\/\/api.w.org\/{rel}","templated":true}]}}