{"version":"1.0","provider_name":"Mais Magazine","provider_url":"http:\/\/maismagazine.pt","author_name":"Tiago Costa","author_url":"http:\/\/maismagazine.pt\/index.php\/author\/tiago\/","title":"Equil\u00edbrio e bom-senso na educa\u00e7\u00e3o - Mais Magazine","type":"rich","width":600,"height":338,"html":"<blockquote class=\"wp-embedded-content\" data-secret=\"WeoumRXiZs\"><a href=\"http:\/\/maismagazine.pt\/index.php\/2024\/09\/20\/equilibrio-e-bom-senso-na-educacao\/\">Equil\u00edbrio e bom-senso na educa\u00e7\u00e3o<\/a><\/blockquote><iframe sandbox=\"allow-scripts\" security=\"restricted\" src=\"http:\/\/maismagazine.pt\/index.php\/2024\/09\/20\/equilibrio-e-bom-senso-na-educacao\/embed\/#?secret=WeoumRXiZs\" width=\"600\" height=\"338\" title=\"&#8220;Equil\u00edbrio e bom-senso na educa\u00e7\u00e3o&#8221; &#8212; Mais Magazine\" data-secret=\"WeoumRXiZs\" frameborder=\"0\" marginwidth=\"0\" marginheight=\"0\" scrolling=\"no\" class=\"wp-embedded-content\"><\/iframe><script type=\"text\/javascript\">\n\/* <![CDATA[ *\/\n\/*! This file is auto-generated *\/\n!function(d,l){\"use strict\";l.querySelector&&d.addEventListener&&\"undefined\"!=typeof URL&&(d.wp=d.wp||{},d.wp.receiveEmbedMessage||(d.wp.receiveEmbedMessage=function(e){var t=e.data;if((t||t.secret||t.message||t.value)&&!\/[^a-zA-Z0-9]\/.test(t.secret)){for(var s,r,n,a=l.querySelectorAll('iframe[data-secret=\"'+t.secret+'\"]'),o=l.querySelectorAll('blockquote[data-secret=\"'+t.secret+'\"]'),c=new RegExp(\"^https?:$\",\"i\"),i=0;i<o.length;i++)o[i].style.display=\"none\";for(i=0;i<a.length;i++)s=a[i],e.source===s.contentWindow&&(s.removeAttribute(\"style\"),\"height\"===t.message?(1e3<(r=parseInt(t.value,10))?r=1e3:~~r<200&&(r=200),s.height=r):\"link\"===t.message&&(r=new URL(s.getAttribute(\"src\")),n=new URL(t.value),c.test(n.protocol))&&n.host===r.host&&l.activeElement===s&&(d.top.location.href=t.value))}},d.addEventListener(\"message\",d.wp.receiveEmbedMessage,!1),l.addEventListener(\"DOMContentLoaded\",function(){for(var e,t,s=l.querySelectorAll(\"iframe.wp-embedded-content\"),r=0;r<s.length;r++)(t=(e=s[r]).getAttribute(\"data-secret\"))||(t=Math.random().toString(36).substring(2,12),e.src+=\"#?secret=\"+t,e.setAttribute(\"data-secret\",t)),e.contentWindow.postMessage({message:\"ready\",secret:t},\"*\")},!1)))}(window,document);\n\/* ]]> *\/\n<\/script>\n","thumbnail_url":"http:\/\/maismagazine.pt\/wp-content\/uploads\/2024\/09\/Maria-Jose-Rouxinol-Fotografia-Magazine-1-1.jpg","thumbnail_width":371,"thumbnail_height":495,"description":"Um estudo da OCDE recentemente trazido a terreiro, veio relan\u00e7ar o debate p\u00fablico sobre os impactos da utiliza\u00e7\u00e3o excessiva e desregrada dos dispositivos digitais por parte das crian\u00e7as e jovens, alertando para os efeitos nefastos ao n\u00edvel do desenvolvimento social, psicoemocional e afeta\u00e7\u00e3o do rendimento escolar. Na verdade, o problema \u00e9 global, embora se enfrente mais abertamente, sendo objeto de um amplo debate p\u00fablico, nas sociedades ocidentais, onde a Liberdade e a Democracia permitem olhar o tema sem censura pol\u00edtica, c\u00edvica ou moral. Creio que \u00e9 consensual o entendimento de que o acesso generalizado e descontrolado a conte\u00fados digitais atrav\u00e9s de dispositivos m\u00f3veis que s\u00e3o levados para todo o lado, prejudica o normal desenvolvimento das crian\u00e7as e jovens, levantando um debate que, a meu ver, n\u00e3o ter\u00e1 nada a ganhar com abordagens radicais que se baseiam em posi\u00e7\u00f5es extremadas."}

Equilíbrio e bom-senso na educação - Mais Magazine

<blockquote class="wp-embedded-content" data-secret="WeoumRXiZs"><a href="http://maismagazine.pt/index.php/2024/09/20/equilibrio-e-bom-senso-na-educacao/">Equilíbrio e bom-senso na educação</a></blockquote><iframe sandbox="allow-scripts" security="restricted" src="http://maismagazine.pt/index.php/2024/09/20/equilibrio-e-bom-senso-na-educacao/embed/#?secret=WeoumRXiZs" width="600" height="338" title="&#8220;Equilíbrio e bom-senso na educação&#8221; &#8212; Mais Magazine" data-secret="WeoumRXiZs" frameborder="0" marginwidth="0" marginheight="0" scrolling="no" class="wp-embedded-content"></iframe><script type="text/javascript">
/* <![CDATA[ */
/*! This file is auto-generated */
!function(d,l){"use strict";l.querySelector&&d.addEventListener&&"undefined"!=typeof URL&&(d.wp=d.wp||{},d.wp.receiveEmbedMessage||(d.wp.receiveEmbedMessage=function(e){var t=e.data;if((t||t.secret||t.message||t.value)&&!/[^a-zA-Z0-9]/.test(t.secret)){for(var s,r,n,a=l.querySelectorAll('iframe[data-secret="'+t.secret+'"]'),o=l.querySelectorAll('blockquote[data-secret="'+t.secret+'"]'),c=new RegExp("^https?:$","i"),i=0;i<o.length;i++)o[i].style.display="none";for(i=0;i<a.length;i++)s=a[i],e.source===s.contentWindow&&(s.removeAttribute("style"),"height"===t.message?(1e3<(r=parseInt(t.value,10))?r=1e3:~~r<200&&(r=200),s.height=r):"link"===t.message&&(r=new URL(s.getAttribute("src")),n=new URL(t.value),c.test(n.protocol))&&n.host===r.host&&l.activeElement===s&&(d.top.location.href=t.value))}},d.addEventListener("message",d.wp.receiveEmbedMessage,!1),l.addEventListener("DOMContentLoaded",function(){for(var e,t,s=l.querySelectorAll("iframe.wp-embedded-content"),r=0;r<s.length;r++)(t=(e=s[r]).getAttribute("data-secret"))||(t=Math.random().toString(36).substring(2,12),e.src+="#?secret="+t,e.setAttribute("data-secret",t)),e.contentWindow.postMessage({message:"ready",secret:t},"*")},!1)))}(window,document);
/* ]]> */
</script>

Um estudo da OCDE recentemente trazido a terreiro, veio relançar o debate público sobre os impactos da utilização excessiva e desregrada dos dispositivos digitais por parte das crianças e jovens, alertando para os efeitos nefastos ao nível do desenvolvimento social, psicoemocional e afetação do rendimento escolar. Na verdade, o problema é global, embora se enfrente mais abertamente, sendo objeto de um amplo debate público, nas sociedades ocidentais, onde a Liberdade e a Democracia permitem olhar o tema sem censura política, cívica ou moral. Creio que é consensual o entendimento de que o acesso generalizado e descontrolado a conteúdos digitais através de dispositivos móveis que são levados para todo o lado, prejudica o normal desenvolvimento das crianças e jovens, levantando um debate que, a meu ver, não terá nada a ganhar com abordagens radicais que se baseiam em posições extremadas.
